lse
Is 19448665 a prime number?
False
Is 3155939 a composite number?
False
Is 330767 composite?
False
Is 50604337 composite?
True
Is 197996791 composite?
True
Is 626498897 a composite number?
False
Is 4799611 prime?
False
Is 30610903 prime?
True
Is 54902453 a prime number?
True
Is 1280438 a prime number?
False
Is 229583 a prime number?
True
Is 22688851 prime?
True
Is 27828797 composite?
False
Is 26792939 a composite number?
False
Is 1048387 a prime number?
True
Is 551006 a composite number?
True
Is 226001297 prime?
True
Is 6013211 a prime number?
True
Is 24963034 composite?
True
Is 1326541 a composite number?
True
Is 47947499 composite?
True
Is 692047 a prime number?
False
Is 20841701 composite?
True
Is 56648539 prime?
False
Is 13747495 prime?
False
Is 1047601967 prime?
True
Is 8375179 prime?
False
Is 377079429 prime?
False
Is 169874283 a composite number?
True
Is 2111119 a composite number?
True
Is 12423583 a prime number?
False
Is 26743627 composite?
True
Is 639821135 prime?
False
Is 1473187 a prime number?
True
Is 108375251 composite?
True
Is 1292432699 composite?
True
Is 5391209 prime?
True
Is 584713 a composite number?
False
Is 14692661 a composite number?
False
Is 284539289 a prime number?
False
Is 121668217 prime?
False
Is 5001259 a prime number?
False
Is 2267918 a composite number?
True
Is 27764419 a composite number?
True
Is 228068411 composite?
False
Is 101718833 a composite number?
False
Is 117720103 a prime number?
True
Is 160071193 prime?
True
Is 13754123 a composite number?
False
Is 725273 a composite number?
False
Is 2095177 a prime number?
False
Is 1044977 prime?
False
Is 341741207 a composite number?
False
Is 35777869 prime?
False
Is 16591571 prime?
True
Is 78007589 prime?
False
Is 17686343 a prime number?
True
Is 182771011 composite?
False
Is 12457187 composite?
False
Is 697969 prime?
False
Is 27968263 a prime number?
False
Is 19473637 a prime number?
True
Is 71639023 prime?
True
Is 934277 a prime number?
True
Is 1309573 a composite number?
True
Is 183488533 composite?
True
Is 407897 a composite number?
True
Is 2342933 a composite number?
False
Is 10088557 a composite number?
False
Is 52354891 a prime number?
True
Is 12456817 composite?
False
Is 10430383 a composite number?
True
Is 2620223 prime?
True
Is 1638003 prime?
False
Is 4552151 a composite number?
False
Is 3824409 a prime number?
False
Is 3551981 a composite number?
False
Is 10311289 composite?
True
Is 3166403 a composite number?
True
Is 95484167 prime?
True
Is 390638 a prime number?
False
Is 558135691 prime?
True
Is 2860891 a prime number?
False
Is 2518739 prime?
False
Is 2329027 composite?
False
Is 9101569 a composite number?
True
Is 25006273 a composite number?
False
Is 65062271 composite?
False
Is 10333067 a prime number?
True
Is 449921 a composite number?
False
Is 7426831 composite?
True
Is 9826669 a prime number?
True
Is 5499757 a composite number?
True
Is 11636149 prime?
False
Is 4080191 a composite number?
False
Is 563118235 a composite number?
True
Is 35970973 composite?
True
Is 548081 prime?
False
Is 33934097 composite?
True
Is 1472197 a prime number?
True
Is 1220017 prime?
False
Is 7840834 a prime number?
False
Is 2535977 a prime number?
True
Is 196920481 a prime number?
True
Is 87851 composite?
True
Is 24887859 a prime number?
False
Is 618547087 prime?
True
Is 26922529 a composite number?
True
Is 19590877 a prime number?
True
Is 22948489 prime?
True
Is 890459 a prime number?
True
Is 838003 prime?
True
Is 1161829 a prime number?
True
Is 2945933 composite?
False
Is 226471 composite?
True
Is 54148001 prime?
True
Is 3318211 prime?
False
Is 67282739 a prime number?
False
Is 498739 prime?
True
Is 5958991 composite?
True
Is 354671258 prime?
False
Is 1385369 composite?
False
Is 50892771 a composite number?
True
Is 999917 prime?
True
Is 41269 prime?
True
Is 220043 a composite number?
True
Is 73679623 a prime number?
True
Is 9543109 a prime number?
True
Is 1156403 a prime number?
True
Is 46819931 prime?
True
Is 84138241 a composite number?
True
Is 6992383 a composite number?
False
Is 1643140055 a prime number?
False
Is 9602503 a composite number?
True
Is 1133182093 a composite number?
False
Is 99745 a composite number?
True
Is 2854391 a prime number?
True
Is 112349759 a prime number?
False
Is 6160979 a prime number?
False
Is 34626727 a prime number?
False
Is 27773177 composite?
True
Is 1453385381 prime?
False
Is 3165829 a prime number?
True
Is 29461471 prime?
False
Is 4858471 a prime number?
False
Is 29331959 prime?
True
Is 27564749 a prime number?
True
Is 884651 composite?
False
Is 18333065 a composite number?
True
Is 543990929 a composite number?
False
Is 1406167 composite?
True
Is 5455309 a composite number?
False
Is 409575709 composite?
False
Is 1770079 a prime number?
False
Is 1199587 a composite number?
False
Is 2892341 prime?
True
Is 289890499 prime?
False
Is 4320317 prime?
False
Is 75622303 a composite number?
False
Is 116150387 a prime number?
False
Is 40868161 a composite number?
False
Is 3881959 prime?
True
Is 4410439 a composite number?
True
Is 18214363 a composite number?
False
Is 3298387 composite?
False
Is 1540703 a composite number?
True
Is 3505619 a prime number?
False
Is 84784291 prime?
True
Is 934406981 composite?
False
Is 11143333 a composite number?
False
Is 56232763 prime?
False
Is 884999629 a composite number?
False
Is 22203043 prime?
True
Is 100590781 a composite number?
False
Is 168349603 a prime number?
True
Is 189983459 prime?
False
Is 379687369 composite?
False
Is 393137 a composite number?
False
Is 2810471 a prime number?
True
Is 5364169 a prime number?
True
Is 43273821 a prime number?
False
Is 2206997 a composite number?
True
Is 11448791 composite?
False
Is 6182147 a prime number?
False
Is 38030873 composite?
False
Is 690037 a composite number?
False
Is 144416741 a composite number?
True
Is 22961023 a composite number?
True
Is 164939879 prime?
False
Is 1323239 a composite number?
True
Is 281664893 composite?
False
Is 101673647 a prime number?
False
Is 957529 a prime number?
True
Is 3346531 composite?
False
Is 386489573 a prime number?
True
Is 17153855 a composite number?
True
Is 122099401 composite?
True
Is 18065617 composite?
False
Is 665341 a prime number?
False
Is 266064947 composite?
False
Is 601061 a composite number?
False
Is 309527 prime?
False
Is 2142923 a prime number?
True
Is 44772821 a prime number?
False
Is 12558661 prime?
False
Is 1766263 a prime number?
False
Is 43541741 a prime number?
True
Is 2824253 a prime number?
False
Is 473032691 a composite number?
False
Is 21304903 composite?
True
Is 133292491 composite?
True
Is 493095167 composite?
False
Is 5088157 a composite number?
False
Is 362526569 a prime number?
True
Is 52203706 a prime number?
False
Is 295183 prime?
False
Is 115382347 a composite number?
True
Is 29627113 prime?
True
Is 10875127 composite?
True
Is 56219623 prime?
True
Is 4915667 a composite number?
True
Is 24398509 a composite number?
False
Is 7176203 a composite number?
False
Is 2876758 composite?
True
Is 36926663 a composite number?
True
Is 4537609 a composite number?
True
Is 57067999 a composite number?
False
Is 3245227 prime?
False
Is 11016449 composite?
False
Is 2564381 prime?
True
Is 411267959 a composite number?
False
Is 12890311 a composite number?
True
Is 1004651 composite?
False
Is 16822111 prime?
False
Is 639682811 prime?
False
Is 31090559 a composite number?
False
Is 125329 a prime number?
True
Is 1408259 a prime number?
False
Is 3347161 a prime number?
True
Is 14601523 prime?
True
Is 18889517 composite?
False
Is 19931753 composite?
False
Is 1225423 a prime number?
False
Is 594863 a composite number?
True
Is 9213979 a prime number?
True
Is 1690050881 composite?
False
Is 19761635 a prime number?
False
Is 4057741 a prime number?
False
Is 4984163 prime?
True
Is 71188027 composite?
True
Is 50389873 composite?
False
Is 25169983 a composite number?
False
Is 202657859 a prime number?
True
Is 7179265 a prime number?
False
Is 761717 prime?
False
Is 3862141 a prime number?
True
Is 3074899 a composite number?
True
Is 339254081 composite?
False
Is 9747623 prime?
False
Is 3549423 composite?
True
Is 69849721 a prime number?
False
Is 179506 prime?
False
Is 11191381 a composite number?
False
Is 418105027 